2. Determine o(10).
-38
Let f(m) = -9*m - 124. Give f(-20).
56
Let i(z) = 8*z**2 - 179*z + 625. What is i(18)?
-5
Let z(r) = -65*r - 28. Determine z(-1).
37
Let u(g) = -g**2 + 29*g - 226. What is u(10)?
-36
Let o(w) = w**3 + 2*w**2 - 4*w - 4. What is o(-7)?
-221
Let p(q) = -q**3 - 12*q**2 + 19*q - 21. What is p(-13)?
-99
Let f(b) = 165*b + 989. Give f(-6).
-1
Let b(o) = -o**2 + 287*o + 2056. What is b(-7)?
-2
Let i(d) = 3*d**2 + 266*d + 235. Calculate i(-88).
59
Let u(x) = -77*x - 829. Give u(-11).
18
Let l(z) = -66*z + 246. Calculate l(5).
-84
Let v(i) = -26*i + 2542. What is v(98)?
-6
Let f(q) = 2*q**3 + 69*q**2 + 271*q + 39. Give f(-30).
9
Let u(c) = 158*c + 9590. Determine u(-61).
-48
Let m(s) = 7*s**2 - 303*s + 589. Calculate m(2).
11
Let k(u) = u**2 - 2*u. What is k(2)?
0
Let u(b) = -3*b**2 - 57*b - 92. Give u(-21).
-218
Let y(g) = g**2 - 48*g + 219. Calculate y(43).
4
Let n(w) = 18*w - 541. Determine n(38).
143
Let z(i) = -i**3 + 53*i**2 + 55*i - 43. Give z(54).
11
Let o(n) = 5*n**2 - 523*n + 210. Calculate o(104).
-102
Let j(v) = 13522*v - 40568. Give j(3).
-2
Let g(t) = 457*t - 926. What is g(2)?
-12
Let t(a) = -2*a**2 - 21*a - 30. Calculate t(-13).
-95
Let z(a) = 7*a - 176. What is z(31)?
41
Let h(r) = -259*r - 809. Determine h(-3).
-32
Let d(i) = i**3 - 14*i**2 - 75*i + 440. Calculate d(17).
32
Let w(t) = 174*t + 881. Determine w(-5).
11
Let s(y) = 956*y + 951. Determine s(-1).
-5
Let n(z) = 104*z + 629. Determine n(-6).
5
Let r(m) = -63*m - 4812. Give r(-77).
39
Let w(s) = -14*s - 100. Calculate w(-11).
54
Let j(d) = -2*d**2 + 16*d + 92. Give j(9).
74
Let g(s) = -21*s - 24. Calculate g(9).
-213
Let u(b) = -b**3 - 41*b**2 + 44*b + 90. Give u(-42).
6
Let m(d) = 242*d + 2212. Give m(-9).
34
Let c(w) = -2*w**2 - 86*w - 912. Determine c(-18).
-12
Let l(f) = -1408*f + 5524. Determine l(4).
-108
Let m(c) = 110*c + 561. Give m(-5).
11
Let x(r) = 2387*r - 14505. Calculate x(6).
-183
Let r(c) = 3*c**3 - 2*c**2 + 5*c - 29. What is r(4)?
151
Let h(u) = u**2 + 71*u - 155. Give h(-73).
-9
Let a(l) = l**2 - 292*l + 12848. Calculate a(238).
-4
Let a(u) = -u**3 - 8*u**2 - 44*u - 251. Calculate a(-7).
8
Let p(l) = -l**3 - 13*l**2 - 42*l - 10. Determine p(-4).
14
Let n(q) = q**3 + 16*q**2 - q + 4. Determine n(-16).
20
Let z(y) = y**2 + 739*y + 1479. Give z(-2).
5
Let j(u) = -3*u**2 - 68*u - 730. Give j(-17).
-441
Let h(y) = -3188*y + 12752. Give h(4).
0
Let n(s) = -282*s + 194. Give n(-1).
476
Let p(f) = 120*f - 956. What is p(7)?
-116
Let j(w) = -w**2 - 13*w + 2. Give j(-6).
44
Let d(c) = -c**2 + 18*c - 45. Determine d(15).
0
Let a(r) = -8*r**3 + 126*r**2 + 30*r + 23. Give a(16).
-9
Let x(j) = -j**3 - 36*j**2 + 33*j - 122. Calculate x(-37).
26
Let b(g) = 2*g - 33. Determine b(-18).
-69
Let o(f) = 61*f**2 + 22*f + 1. Calculate o(-1).
40
Let y(g) = -g**3 - 106*g**2 + 142*g + 3751. Give y(-107).
6
Let s(k) = 840*k + 14283. Calculate s(-17).
3
Let g(k) = 196*k - 3130. Give g(16).
6
Let p(a) = 490*a - 5883. Give p(12).
-3
Let i(q) = -2*q**2 - 446*q + 4654. What is i(10)?
-6
Let d(w) = -w**3 - 24*w**2 - 56*w - 3709. Determine d(-27).
-10
Let o(w) = 11*w**2 + 84*w + 9. Give o(-8).
41
Let u(k) = -2159*k. Determine u(0).
0
Let c(r) = -r**3 - 13*r**2 + 915*r + 971. Determine c(-37).
-28
Let o(v) = -5*v**3 + 13*v**2 + 10*v + 34. Determine o(4).
-38
Let s(c) = -107*c**2 + 3103*c - 3. Determine s(29).
-3
Let j(d) = 2*d**3 + 152*d**2 + 150*d + 35. Calculate j(-75).
35
Let u(y) = -2*y**2 - 2*y - 29. Calculate u(-12).
-293
Let f(x) = 58*x**3 - 20*x - 20. What is f(-1)?
-58
Let c(v) = -v**2 + 18*v + 1335. Determine c(47).
-28
Let w(a) = -2*a**2 + 109*a + 2104. Determine w(70).
-66
Let z(o) = -o**3 + o**2 + 1059*o + 96. Calculate z(-32).
0
Let b(x) = 324*x - 312. Determine b(1).
12
Let v(n) = -n**2 - 8*n + 50. What is v(6)?
-34
Let a(m) = m**2 - 6*m - 70. Give a(10).
-30
Let d(r) = -99*r + 861. Determine d(8).
69
Let x(n) = 236*n**2 + 95*n + 95. Calculate x(-1).
236
Let l(j) = 41*j**2 - 331*j + 28. What is l(8)?
4
Let x(i) = i**3 + 58*i**2 + 13*i + 628. What is x(-58)?
-126
Let h(k) = -2*k**2 - 49*k + 569. What is h(12)?
-307
Let i(g) = 14*g**3 + 5379*g**2 + 1158*g + 2309. Calculate i(-384).
5
Let z(m) = 6*m**2 - 59*m - 2477. Calculate z(-16).
3
Let m(w) = 2*w**2 - 37*w - 276. What is m(25)?
49
Let r(z) = z**3 - 2*z**2 + 5*z + 23. Calculate r(-3).
-37
Let f(z) = 29*z - 57. Give f(10).
233
Let d(q) = -6720*q + 20177. Give d(3).
17
Let a(b) = -8*b - 224. Calculate a(-28).
0
Let y(l) = 12*l + 119. Calculate y(-11).
-13
Let w(a) = -3*a**3 + 37*a**2 - 25*a + 18. Calculate w(10).
468
Let v(u) = 4994*u - 9979. What is v(2)?
9
Let n(f) = 110*f**2 + 9021*f + 93. What is n(-82)?
11
Let x(o) = 4*o**3 + 104*o**2 + 99*o - 14. Determine x(-25).
11
Let g(w) = 598*w - 964. What is g(2)?
232
Let l(r) = -r**2 - 6*r + 41. Calculate l(-11).
-14
Let w(m) = 2*m**3 + 17*m**2 + 5*m + 18. Give w(-9).
-108
Let x(v) = -316*v - 113. Give x(1).
-429
Let y(a) = 5*a**2 - 400*a + 5120. What is y(16)?
0
Let q(i) = -168*i**2 - 26*i + 27. Determine q(1).
-167
Let w(u) = -6*u**2 + 46*u + 617. Determine w(15).
-43
Let k(c) = -2*c**3 + 40*c**2 + 8*c + 92. What is k(20)?
252
Let u(d) = d**2 - 155*d + 2105. Calculate u(140).
5
Let x(u) = -u**3 - 27*u**2 - 79*u - 159. Calculate x(-24).
9
Let g(d) = 2*d**3 - 44*d**2 - 262*d - 217. Determine g(27).
-1
Let n(p) = 13*p**2 - 2*p + 4. What is n(3)?
115
Let p(q) = 2*q**3 - 71*q**2 + 138*q - 1220. Calculate p(34).
4
Let h(o) = -o**3 - 77*o**2 - 3*o - 46. What is h(-77)?
185
Let s(m) = -m**2 - 32*m - 133. What is s(-9)?
74
Let o(i) = -457*i + 1812. What is o(4)?
-16
Let k(j) = -335*j + 4343. Determine k(13).
-12
Let v(p) = -656*p + 34781. What is v(53)?
13
Let h(o) = 1382*o - 11052. Determine h(8).
4
Let z(h) = -2*h**3 - 128*h**2 - 130*h - 257. Determine z(-63).
-5
Let g(h) = -h**3 + 20*h**2 + 4*h + 9. What is g(20)?
89
Let z(h) = 929*h + 9295. Determine z(-10).
5
Let s(p) = p**2 + 30*p + 101. Determine s(-13).
-120
Let f(d) = -388*d - 10470. Give f(-27).
6
Let t(h) = h**3 + 38*h**2 - 200*h + 2. Determine t(5).
77
Let l(t) = -33*t - 768. Give l(-20).
-108
Let t(a) = 2*a**2 + 617*a + 23039. Give t(-265).
-16
Let h(s) = -3*s**3 - 20*s**2 + 34*s + 10. Calculate h(-8).
-6
Let r(h) = h**3 - 20*h**2 + 37*h - 346. Determine r(19).
-4
Let d(u) = 11*u - 42. Give d(3).
-9
Let f(x) = 129*x + 660. Give f(0).
660
Let d(i) = -3181*i - 34986. Give d(-11).
5
Let o(k) = -9*k + 296. Calculate o(26).
62
Let u(v) = 3*v**2 + 19*v + 85. Determine u(-6).
79
Let b(g) = g**3 + 51*g**2 - 107*g - 55. What is b(-53)?
-2
Let z(k) = 7795*k + 46775. Calculate z(-6).
5
Let c(h) = 16*h**2 - 64*h + 5. What is c(4)?
5
Let w(n) = 54*n**2 + 109*n + 3. Determine w(-2).
1
Let h(k) = -k**3 - 5*k**2 + 38*k + 8. Give h(-9).
-10
Let f(x) = -48*x - 796. Determine f(-32).
740
Let r(a) = 369*a - 11434. Give r(31).
5
Let q(c) = -6*c**2 - 12*c + 44. Determine q(6).
-244
Let d(m) = -8*m**3 + 87*m**2 - 2*m + 108. Give d(11).
-35
Let r(d) = 17*d**2 - 219*d - 56. Determine r(13).
-30
Let w(u) = 119*u + 4047. Calculate w(-34).
1
Let w(v) = v**3 - 5*v**2 - 5*v - 33. Calculate w(8).
119
Let p(b) = 30*b - 589. Determine p(19).
-19
Let v(r) = -3*r**2 + 61*r - 219. What is v(15)?
21
Let b(f) = 167*f - 2844. What is b(17)?
-5
Let b(t) = 74*t**3 + 3*t**2 + 2*t - 2. What is b(-1)?
-75
Let x(y) = 12*y + 251. What is x(-16)?
59
Let f(p) = -4*p**2 + p + 65. Give f(0).
65
Let p(a) = -512*a + 6761. Give p(13).
105
Let y(z) = 437*z + 294. Determine y(-4).
-1454
Let n(v) = -v**2 + 46*v + 176. Give n(49).
29
Let w(q) = 2*q**3 + 2*q**2 + 18*q + 19. Give w(-3).
-71
Let i(a) = 3*a**2 + 5*a - 131. Give i(7).
51
Let w(k) = 335*k + 6369. Calculate w(-19).
4
Let d(k) = k**3 - 35*k**2 + 199*k - 15. Give d(7).
6
Let k(p) = 3*p**3 - 18*p**2 - 240*p + 1237. Calculate k(5).
-38
Let b(u) = 46*u + 208. Determine b(-6).
-68
Let f(s) = s - 47. Calculate f(-26).
-73
Let o(n) = n**2 - 56*n + 313. Determine o(24).
-455
Let c(x) = x**2 - 2489*x - 4976. Give c(-2).
6
Let l(w) = w**3 - w**2 + 4*w + 40. Determine l(0).
40
Let c(m) = 38*m - 458. What is c(12)?
-2
Let p(g) = g**2 - 25*g + 46. Give p(29).
162
Let n(d) = -6*d**2 + 109*d + 4. Give n(18).
22
Let f(o) = -2*o**3 - 20*o**2 - 38*o - 66. Give f(-7).
-94
Let p(z) = z**2 - 55*z + 566. Determine p(